{"id":15245,"date":"2025-12-11T10:06:14","date_gmt":"2025-12-11T09:06:14","guid":{"rendered":"https:\/\/observatori-igualtat.es\/women-impact\/virginia-woolf-1882-1941\/"},"modified":"2025-12-11T15:25:20","modified_gmt":"2025-12-11T14:25:20","slug":"virginia-woolf-1882-1941","status":"publish","type":"women-impact","link":"https:\/\/observatori-igualtat.es\/es\/women-impact\/virginia-woolf-1882-1941\/","title":{"rendered":"Virginia Woolf (1882-1941)"},"content":{"rendered":"<p><strong>Woolf fue capaz de plasmar a trav\u00e9s de sus dotes con la pluma las grandes injusticias que exist\u00edan en la sociedad<\/strong>. Escribi\u00f3 sobre la necesidad de la independencia econ\u00f3mica, de esa \u00abhabitaci\u00f3n propia\u00bb de la mujer para pensar y reflexionar. Habl\u00f3 sobre la salud mental o la sexualidad, campos olvidados en aquellos a\u00f1os.<\/p>\n<p>No tuvo miedo de plasmar a trav\u00e9s de mon\u00f3logos internos y grandes reflexiones todo aquello de lo que era testigo y supon\u00eda una injusticia. Situ\u00f3 a la mujer en el punto de mira y d\u00e9cadas despu\u00e9s de su muerte, su legado literario es posiblemente uno de los m\u00e1s importantes.<\/p>\n","protected":false},"featured_media":15219,"template":"","ambito":[39],"class_list":["post-15245","women-impact","type-women-impact","status-publish","has-post-thumbnail","hentry","ambito-literatura"],"yoast_head":"<!-- This site is optimized with the Yoast SEO plugin v26.9 - https:\/\/yoast.com\/product\/yoast-seo-wordpress\/ -->\n<title>Virginia Woolf (1882-1941) - Observatori per a la igualtat<\/title>\n<meta name=\"robots\" content=\"index, follow, max-snippet:-1, max-image-preview:large, max-video-preview:-1\" \/>\n<link rel=\"canonical\" href=\"https:\/\/observatori-igualtat.es\/women-impact\/virginia-woolf-1882-1941\/\" \/>\n<meta property=\"og:locale\" content=\"es_ES\" \/>\n<meta property=\"og:type\" content=\"article\" \/>\n<meta property=\"og:title\" content=\"Virginia Woolf (1882-1941) - Observatori per a la igualtat\" \/>\n<meta property=\"og:description\" content=\"Woolf fue capaz de plasmar a trav\u00e9s de sus dotes con la pluma las grandes injusticias que exist\u00edan en la sociedad. Escribi\u00f3 sobre la necesidad de [\u2026]\" \/>\n<meta property=\"og:url\" content=\"https:\/\/observatori-igualtat.es\/women-impact\/virginia-woolf-1882-1941\/\" \/>\n<meta property=\"og:site_name\" content=\"Observatori per a la igualtat\" \/>\n<meta property=\"article:publisher\" content=\"https:\/\/www.facebook.com\/institutbaleardeladona\" \/>\n<meta property=\"article:modified_time\" content=\"2025-12-11T14:25:20+00:00\" \/>\n<meta property=\"og:image\" content=\"https:\/\/observatori-igualtat.es\/wp-content\/uploads\/2025\/12\/virginia-woolf.jpg\" \/>\n\t<meta property=\"og:image:width\" content=\"956\" \/>\n\t<meta property=\"og:image:height\" content=\"1200\" \/>\n\t<meta property=\"og:image:type\" content=\"image\/jpeg\" \/>\n<meta name=\"twitter:card\" content=\"summary_large_image\" \/>\n<meta name=\"twitter:site\" content=\"@IB_Dona\" \/>\n<meta name=\"twitter:label1\" content=\"Tiempo de lectura\" \/>\n\t<meta name=\"twitter:data1\" content=\"1 minuto\" \/>\n<script type=\"application\/ld+json\" class=\"yoast-schema-graph\">{\"@context\":\"https:\/\/schema.org\",\"@graph\":[{\"@type\":\"WebPage\",\"@id\":\"https:\/\/observatori-igualtat.es\/women-impact\/virginia-woolf-1882-1941\/\",\"url\":\"https:\/\/observatori-igualtat.es\/women-impact\/virginia-woolf-1882-1941\/\",\"name\":\"Virginia Woolf (1882-1941) - Observatori per a la igualtat\",\"isPartOf\":{\"@id\":\"https:\/\/observatori-igualtat.es\/#website\"},\"primaryImageOfPage\":{\"@id\":\"https:\/\/observatori-igualtat.es\/women-impact\/virginia-woolf-1882-1941\/#primaryimage\"},\"image\":{\"@id\":\"https:\/\/observatori-igualtat.es\/women-impact\/virginia-woolf-1882-1941\/#primaryimage\"},\"thumbnailUrl\":\"https:\/\/observatori-igualtat.es\/wp-content\/uploads\/2025\/12\/virginia-woolf.jpg\",\"datePublished\":\"2025-12-11T09:06:14+00:00\",\"dateModified\":\"2025-12-11T14:25:20+00:00\",\"breadcrumb\":{\"@id\":\"https:\/\/observatori-igualtat.es\/women-impact\/virginia-woolf-1882-1941\/#breadcrumb\"},\"inLanguage\":\"es\",\"potentialAction\":[{\"@type\":\"ReadAction\",\"target\":[\"https:\/\/observatori-igualtat.es\/women-impact\/virginia-woolf-1882-1941\/\"]}]},{\"@type\":\"ImageObject\",\"inLanguage\":\"es\",\"@id\":\"https:\/\/observatori-igualtat.es\/women-impact\/virginia-woolf-1882-1941\/#primaryimage\",\"url\":\"https:\/\/observatori-igualtat.es\/wp-content\/uploads\/2025\/12\/virginia-woolf.jpg\",\"contentUrl\":\"https:\/\/observatori-igualtat.es\/wp-content\/uploads\/2025\/12\/virginia-woolf.jpg\",\"width\":956,\"height\":1200},{\"@type\":\"BreadcrumbList\",\"@id\":\"https:\/\/observatori-igualtat.es\/women-impact\/virginia-woolf-1882-1941\/#breadcrumb\",\"itemListElement\":[{\"@type\":\"ListItem\",\"position\":1,\"name\":\"Portada\",\"item\":\"https:\/\/observatori-igualtat.es\/es\/\"},{\"@type\":\"ListItem\",\"position\":2,\"name\":\"Mujeres Relevantes\",\"item\":\"https:\/\/observatori-igualtat.es\/women-impact\/\"},{\"@type\":\"ListItem\",\"position\":3,\"name\":\"Virginia Woolf (1882-1941)\"}]},{\"@type\":\"WebSite\",\"@id\":\"https:\/\/observatori-igualtat.es\/#website\",\"url\":\"https:\/\/observatori-igualtat.es\/\",\"name\":\"Observatori per a la igualtat\",\"description\":\"\",\"publisher\":{\"@id\":\"https:\/\/observatori-igualtat.es\/#organization\"},\"potentialAction\":[{\"@type\":\"SearchAction\",\"target\":{\"@type\":\"EntryPoint\",\"urlTemplate\":\"https:\/\/observatori-igualtat.es\/?s={search_term_string}\"},\"query-input\":{\"@type\":\"PropertyValueSpecification\",\"valueRequired\":true,\"valueName\":\"search_term_string\"}}],\"inLanguage\":\"es\"},{\"@type\":\"Organization\",\"@id\":\"https:\/\/observatori-igualtat.es\/#organization\",\"name\":\"Observatori per a la igualtat\",\"url\":\"https:\/\/observatori-igualtat.es\/\",\"logo\":{\"@type\":\"ImageObject\",\"inLanguage\":\"es\",\"@id\":\"https:\/\/observatori-igualtat.es\/#\/schema\/logo\/image\/\",\"url\":\"https:\/\/observatori-igualtat.es\/wp-content\/uploads\/2021\/11\/cropped-lupa-icon.png\",\"contentUrl\":\"https:\/\/observatori-igualtat.es\/wp-content\/uploads\/2021\/11\/cropped-lupa-icon.png\",\"width\":512,\"height\":512,\"caption\":\"Observatori per a la igualtat\"},\"image\":{\"@id\":\"https:\/\/observatori-igualtat.es\/#\/schema\/logo\/image\/\"},\"sameAs\":[\"https:\/\/www.facebook.com\/institutbaleardeladona\",\"https:\/\/x.com\/IB_Dona\",\"https:\/\/www.instagram.com\/ib_dona\",\"https:\/\/www.youtube.com\/channel\/UC8SGWsVp4ABV3Ljo3rb_EGw\"]}]}<\/script>\n<!-- \/ Yoast SEO plugin. -->","yoast_head_json":{"title":"Virginia Woolf (1882-1941) - Observatori per a la igualtat","robots":{"index":"index","follow":"follow","max-snippet":"max-snippet:-1","max-image-preview":"max-image-preview:large","max-video-preview":"max-video-preview:-1"},"canonical":"https:\/\/observatori-igualtat.es\/women-impact\/virginia-woolf-1882-1941\/","og_locale":"es_ES","og_type":"article","og_title":"Virginia Woolf (1882-1941) - Observatori per a la igualtat","og_description":"Woolf fue capaz de plasmar a trav\u00e9s de sus dotes con la pluma las grandes injusticias que exist\u00edan en la sociedad. Escribi\u00f3 sobre la necesidad de [\u2026]","og_url":"https:\/\/observatori-igualtat.es\/women-impact\/virginia-woolf-1882-1941\/","og_site_name":"Observatori per a la igualtat","article_publisher":"https:\/\/www.facebook.com\/institutbaleardeladona","article_modified_time":"2025-12-11T14:25:20+00:00","og_image":[{"width":956,"height":1200,"url":"https:\/\/observatori-igualtat.es\/wp-content\/uploads\/2025\/12\/virginia-woolf.jpg","type":"image\/jpeg"}],"twitter_card":"summary_large_image","twitter_site":"@IB_Dona","twitter_misc":{"Tiempo de lectura":"1 minuto"},"schema":{"@context":"https:\/\/schema.org","@graph":[{"@type":"WebPage","@id":"https:\/\/observatori-igualtat.es\/women-impact\/virginia-woolf-1882-1941\/","url":"https:\/\/observatori-igualtat.es\/women-impact\/virginia-woolf-1882-1941\/","name":"Virginia Woolf (1882-1941) - Observatori per a la igualtat","isPartOf":{"@id":"https:\/\/observatori-igualtat.es\/#website"},"primaryImageOfPage":{"@id":"https:\/\/observatori-igualtat.es\/women-impact\/virginia-woolf-1882-1941\/#primaryimage"},"image":{"@id":"https:\/\/observatori-igualtat.es\/women-impact\/virginia-woolf-1882-1941\/#primaryimage"},"thumbnailUrl":"https:\/\/observatori-igualtat.es\/wp-content\/uploads\/2025\/12\/virginia-woolf.jpg","datePublished":"2025-12-11T09:06:14+00:00","dateModified":"2025-12-11T14:25:20+00:00","breadcrumb":{"@id":"https:\/\/observatori-igualtat.es\/women-impact\/virginia-woolf-1882-1941\/#breadcrumb"},"inLanguage":"es","potentialAction":[{"@type":"ReadAction","target":["https:\/\/observatori-igualtat.es\/women-impact\/virginia-woolf-1882-1941\/"]}]},{"@type":"ImageObject","inLanguage":"es","@id":"https:\/\/observatori-igualtat.es\/women-impact\/virginia-woolf-1882-1941\/#primaryimage","url":"https:\/\/observatori-igualtat.es\/wp-content\/uploads\/2025\/12\/virginia-woolf.jpg","contentUrl":"https:\/\/observatori-igualtat.es\/wp-content\/uploads\/2025\/12\/virginia-woolf.jpg","width":956,"height":1200},{"@type":"BreadcrumbList","@id":"https:\/\/observatori-igualtat.es\/women-impact\/virginia-woolf-1882-1941\/#breadcrumb","itemListElement":[{"@type":"ListItem","position":1,"name":"Portada","item":"https:\/\/observatori-igualtat.es\/es\/"},{"@type":"ListItem","position":2,"name":"Mujeres Relevantes","item":"https:\/\/observatori-igualtat.es\/women-impact\/"},{"@type":"ListItem","position":3,"name":"Virginia Woolf (1882-1941)"}]},{"@type":"WebSite","@id":"https:\/\/observatori-igualtat.es\/#website","url":"https:\/\/observatori-igualtat.es\/","name":"Observatori per a la igualtat","description":"","publisher":{"@id":"https:\/\/observatori-igualtat.es\/#organization"},"potentialAction":[{"@type":"SearchAction","target":{"@type":"EntryPoint","urlTemplate":"https:\/\/observatori-igualtat.es\/?s={search_term_string}"},"query-input":{"@type":"PropertyValueSpecification","valueRequired":true,"valueName":"search_term_string"}}],"inLanguage":"es"},{"@type":"Organization","@id":"https:\/\/observatori-igualtat.es\/#organization","name":"Observatori per a la igualtat","url":"https:\/\/observatori-igualtat.es\/","logo":{"@type":"ImageObject","inLanguage":"es","@id":"https:\/\/observatori-igualtat.es\/#\/schema\/logo\/image\/","url":"https:\/\/observatori-igualtat.es\/wp-content\/uploads\/2021\/11\/cropped-lupa-icon.png","contentUrl":"https:\/\/observatori-igualtat.es\/wp-content\/uploads\/2021\/11\/cropped-lupa-icon.png","width":512,"height":512,"caption":"Observatori per a la igualtat"},"image":{"@id":"https:\/\/observatori-igualtat.es\/#\/schema\/logo\/image\/"},"sameAs":["https:\/\/www.facebook.com\/institutbaleardeladona","https:\/\/x.com\/IB_Dona","https:\/\/www.instagram.com\/ib_dona","https:\/\/www.youtube.com\/channel\/UC8SGWsVp4ABV3Ljo3rb_EGw"]}]}},"_links":{"self":[{"href":"https:\/\/observatori-igualtat.es\/es\/wp-json\/wp\/v2\/women-impact\/15245","targetHints":{"allow":["GET"]}}],"collection":[{"href":"https:\/\/observatori-igualtat.es\/es\/wp-json\/wp\/v2\/women-impact"}],"about":[{"href":"https:\/\/observatori-igualtat.es\/es\/wp-json\/wp\/v2\/types\/women-impact"}],"wp:featuredmedia":[{"embeddable":true,"href":"https:\/\/observatori-igualtat.es\/es\/wp-json\/wp\/v2\/media\/15219"}],"wp:attachment":[{"href":"https:\/\/observatori-igualtat.es\/es\/wp-json\/wp\/v2\/media?parent=15245"}],"wp:term":[{"taxonomy":"ambito","embeddable":true,"href":"https:\/\/observatori-igualtat.es\/es\/wp-json\/wp\/v2\/ambito?post=15245"}],"curies":[{"name":"wp","href":"https:\/\/api.w.org\/{rel}","templated":true}]}}

<p><strong>Woolf fue capaz de plasmar a través de sus dotes con la pluma las grandes injusticias que existían en la sociedad</strong>. Escribió sobre la necesidad de la independencia económica, de esa «habitación propia» de la mujer para pensar y reflexionar. Habló sobre la salud mental o la sexualidad, campos olvidados en aquellos años.</p>
<p>No tuvo miedo de plasmar a través de monólogos internos y grandes reflexiones todo aquello de lo que era testigo y suponía una injusticia. Situó a la mujer en el punto de mira y décadas después de su muerte, su legado literario es posiblemente uno de los más importantes.</p>

<!-- This site is optimized with the Yoast SEO plugin v26.9 - https://yoast.com/product/yoast-seo-wordpress/ -->
<title>Virginia Woolf (1882-1941) - Observatori per a la igualtat</title>
<meta name="robots" content="index, follow, max-snippet:-1, max-image-preview:large, max-video-preview:-1" />
<link rel="canonical" href="https://observatori-igualtat.es/women-impact/virginia-woolf-1882-1941/" />
<meta property="og:locale" content="es_ES" />
<meta property="og:type" content="article" />
<meta property="og:title" content="Virginia Woolf (1882-1941) - Observatori per a la igualtat" />
<meta property="og:description" content="Woolf fue capaz de plasmar a través de sus dotes con la pluma las grandes injusticias que existían en la sociedad. Escribió sobre la necesidad de […]" />
<meta property="og:url" content="https://observatori-igualtat.es/women-impact/virginia-woolf-1882-1941/" />
<meta property="og:site_name" content="Observatori per a la igualtat" />
<meta property="article:publisher" content="https://www.facebook.com/institutbaleardeladona" />
<meta property="article:modified_time" content="2025-12-11T14:25:20+00:00" />
<meta property="og:image" content="https://observatori-igualtat.es/wp-content/uploads/2025/12/virginia-woolf.jpg" />
	<meta property="og:image:width" content="956" />
	<meta property="og:image:height" content="1200" />
	<meta property="og:image:type" content="image/jpeg" />
<meta name="twitter:card" content="summary_large_image" />
<meta name="twitter:site" content="@IB_Dona" />
<meta name="twitter:label1" content="Tiempo de lectura" />
	<meta name="twitter:data1" content="1 minuto" />
<script type="application/ld+json" class="yoast-schema-graph">{"@context":"https://schema.org","@graph":[{"@type":"WebPage","@id":"https://observatori-igualtat.es/women-impact/virginia-woolf-1882-1941/","url":"https://observatori-igualtat.es/women-impact/virginia-woolf-1882-1941/","name":"Virginia Woolf (1882-1941) - Observatori per a la igualtat","isPartOf":{"@id":"https://observatori-igualtat.es/#website"},"primaryImageOfPage":{"@id":"https://observatori-igualtat.es/women-impact/virginia-woolf-1882-1941/#primaryimage"},"image":{"@id":"https://observatori-igualtat.es/women-impact/virginia-woolf-1882-1941/#primaryimage"},"thumbnailUrl":"https://observatori-igualtat.es/wp-content/uploads/2025/12/virginia-woolf.jpg","datePublished":"2025-12-11T09:06:14+00:00","dateModified":"2025-12-11T14:25:20+00:00","breadcrumb":{"@id":"https://observatori-igualtat.es/women-impact/virginia-woolf-1882-1941/#breadcrumb"},"inLanguage":"es","potentialAction":[{"@type":"ReadAction","target":["https://observatori-igualtat.es/women-impact/virginia-woolf-1882-1941/"]}]},{"@type":"ImageObject","inLanguage":"es","@id":"https://observatori-igualtat.es/women-impact/virginia-woolf-1882-1941/#primaryimage","url":"https://observatori-igualtat.es/wp-content/uploads/2025/12/virginia-woolf.jpg","contentUrl":"https://observatori-igualtat.es/wp-content/uploads/2025/12/virginia-woolf.jpg","width":956,"height":1200},{"@type":"BreadcrumbList","@id":"https://observatori-igualtat.es/women-impact/virginia-woolf-1882-1941/#breadcrumb","itemListElement":[{"@type":"ListItem","position":1,"name":"Portada","item":"https://observatori-igualtat.es/es/"},{"@type":"ListItem","position":2,"name":"Mujeres Relevantes","item":"https://observatori-igualtat.es/women-impact/"},{"@type":"ListItem","position":3,"name":"Virginia Woolf (1882-1941)"}]},{"@type":"WebSite","@id":"https://observatori-igualtat.es/#website","url":"https://observatori-igualtat.es/","name":"Observatori per a la igualtat","description":"","publisher":{"@id":"https://observatori-igualtat.es/#organization"},"potentialAction":[{"@type":"SearchAction","target":{"@type":"EntryPoint","urlTemplate":"https://observatori-igualtat.es/?s={search_term_string}"},"query-input":{"@type":"PropertyValueSpecification","valueRequired":true,"valueName":"search_term_string"}}],"inLanguage":"es"},{"@type":"Organization","@id":"https://observatori-igualtat.es/#organization","name":"Observatori per a la igualtat","url":"https://observatori-igualtat.es/","logo":{"@type":"ImageObject","inLanguage":"es","@id":"https://observatori-igualtat.es/#/schema/logo/image/","url":"https://observatori-igualtat.es/wp-content/uploads/2021/11/cropped-lupa-icon.png","contentUrl":"https://observatori-igualtat.es/wp-content/uploads/2021/11/cropped-lupa-icon.png","width":512,"height":512,"caption":"Observatori per a la igualtat"},"image":{"@id":"https://observatori-igualtat.es/#/schema/logo/image/"},"sameAs":["https://www.facebook.com/institutbaleardeladona","https://x.com/IB_Dona","https://www.instagram.com/ib_dona","https://www.youtube.com/channel/UC8SGWsVp4ABV3Ljo3rb_EGw"]}]}</script>
<!-- / Yoast SEO plugin. -->

Woolf fue capaz de plasmar a través de sus dotes con la pluma las grandes injusticias que existían en la sociedad. Escribió sobre la necesidad de […]
